{"id":7,"date":"2024-04-25T07:35:43","date_gmt":"2024-04-25T07:35:43","guid":{"rendered":"https:\/\/vs-gurnitz.ksn.at\/?page_id=7"},"modified":"2026-04-09T07:32:07","modified_gmt":"2026-04-09T07:32:07","slug":"startseite","status":"publish","type":"page","link":"https:\/\/vs-gurnitz.ksn.at\/","title":{"rendered":"Willkommen \/ News"},"content":{"rendered":"\n<blockquote class=\"wp-block-quote is-layout-flow wp-block-quote-is-layout-flow\">\n<p class=\"has-text-align-center\">Durchf\u00fchrung der Basismodule der individuellen Kompetenzmessung PLUS (iKM Plus) vom 20.04. bis 20.05.2026<\/p>\n<\/blockquote>\n\n\n\n<h2 class=\"wp-block-heading\">Willkommen an der VS Gurnitz<\/h2>\n\n\n\n<h4 class=\"wp-block-heading\"><strong>Wo<\/strong><\/h4>\n\n\n\n<div class=\"wp-block-cover\"><img loading=\"lazy\" decoding=\"async\" width=\"1024\" height=\"577\" class=\"wp-block-cover__image-background wp-image-988\" alt=\"\" src=\"https:\/\/vs-gurnitz.ksn.at\/wp-content\/uploads\/2024\/06\/20240522_120650-1024x577.jpg\" data-object-fit=\"cover\" srcset=\"https:\/\/vs-gurnitz.ksn.at\/wp-content\/uploads\/2024\/06\/20240522_120650-1024x577.jpg 1024w, https:\/\/vs-gurnitz.ksn.at\/wp-content\/uploads\/2024\/06\/20240522_120650-300x169.jpg 300w, https:\/\/vs-gurnitz.ksn.at\/wp-content\/uploads\/2024\/06\/20240522_120650-768x432.jpg 768w, https:\/\/vs-gurnitz.ksn.at\/wp-content\/uploads\/2024\/06\/20240522_120650-1536x865.jpg 1536w, https:\/\/vs-gurnitz.ksn.at\/wp-content\/uploads\/2024\/06\/20240522_120650-2048x1153.jpg 2048w\" sizes=\"auto, (max-width: 1024px) 100vw, 1024px\" \/><span aria-hidden=\"true\" class=\"wp-block-cover__background has-background-dim-0 has-background-dim\"><\/span><div class=\"wp-block-cover__inner-container is-layout-flow wp-block-cover-is-layout-flow\">\t\t<div class='wp-block-atb-animated-text  align' id='atbAnimatedText-843500b3-d' data-attributes='{&quot;cId&quot;:&quot;843500b3-d&quot;,&quot;loop&quot;:false,&quot;textAlign&quot;:&quot;left&quot;,&quot;content&quot;:&quot;... jede und jeder einzelne z\\u00e4hlt\\n\\n&quot;,&quot;color&quot;:&quot;#ff6900&quot;,&quot;padding&quot;:{&quot;vertical&quot;:&quot;10px&quot;,&quot;horizontal&quot;:&quot;10px&quot;},&quot;align&quot;:&quot;&quot;,&quot;animateIn&quot;:&quot;char&quot;,&quot;inEffect&quot;:&quot;fadeInLeftBig&quot;,&quot;inSequence&quot;:&quot;default&quot;,&quot;outEffect&quot;:&quot;rollOut&quot;,&quot;outSequence&quot;:&quot;shuffle&quot;,&quot;background&quot;:{&quot;color&quot;:&quot;#0000&quot;},&quot;typography&quot;:{&quot;fontSize&quot;:{&quot;desktop&quot;:22,&quot;tablet&quot;:20,&quot;mobile&quot;:18}},&quot;border&quot;:{&quot;radius&quot;:&quot;5px&quot;}}'><\/div>\r\n\r\n\t\t\n\n\t\t<div class='wp-block-atb-animated-text  align' id='atbAnimatedText-8d531b07-4' data-attributes='{&quot;cId&quot;:&quot;8d531b07-4&quot;,&quot;loop&quot;:false,&quot;textAlign&quot;:&quot;left&quot;,&quot;content&quot;:&quot;... wir uns als Team weiter entwickeln&quot;,&quot;color&quot;:&quot;#ff6900&quot;,&quot;padding&quot;:{&quot;vertical&quot;:&quot;10px&quot;,&quot;horizontal&quot;:&quot;10px&quot;},&quot;align&quot;:&quot;&quot;,&quot;animateIn&quot;:&quot;char&quot;,&quot;inEffect&quot;:&quot;fadeInLeftBig&quot;,&quot;inSequence&quot;:&quot;default&quot;,&quot;outEffect&quot;:&quot;rollOut&quot;,&quot;outSequence&quot;:&quot;shuffle&quot;,&quot;background&quot;:{&quot;color&quot;:&quot;#0000&quot;},&quot;typography&quot;:{&quot;fontSize&quot;:{&quot;desktop&quot;:22,&quot;tablet&quot;:20,&quot;mobile&quot;:18}},&quot;border&quot;:{&quot;radius&quot;:&quot;5px&quot;}}'><\/div>\r\n\r\n\t\t\n\n\t\t<div class='wp-block-atb-animated-text  align' id='atbAnimatedText-26f72c8d-f' data-attributes='{&quot;cId&quot;:&quot;26f72c8d-f&quot;,&quot;loop&quot;:false,&quot;textAlign&quot;:&quot;left&quot;,&quot;content&quot;:&quot;... wir Raum geben f\\u00fcr pers\\u00f6nliche Entwicklung&quot;,&quot;color&quot;:&quot;#ff6900&quot;,&quot;padding&quot;:{&quot;vertical&quot;:&quot;10px&quot;,&quot;horizontal&quot;:&quot;10px&quot;},&quot;align&quot;:&quot;&quot;,&quot;animateIn&quot;:&quot;char&quot;,&quot;inEffect&quot;:&quot;fadeInLeftBig&quot;,&quot;inSequence&quot;:&quot;default&quot;,&quot;outEffect&quot;:&quot;rollOut&quot;,&quot;outSequence&quot;:&quot;shuffle&quot;,&quot;background&quot;:{&quot;color&quot;:&quot;#0000&quot;},&quot;typography&quot;:{&quot;fontSize&quot;:{&quot;desktop&quot;:22,&quot;tablet&quot;:20,&quot;mobile&quot;:18}},&quot;border&quot;:{&quot;radius&quot;:&quot;5px&quot;}}'><\/div>\r\n\r\n\t\t\n\n\t\t<div class='wp-block-atb-animated-text  align' id='atbAnimatedText-c1c4d129-8' data-attributes='{&quot;cId&quot;:&quot;c1c4d129-8&quot;,&quot;loop&quot;:false,&quot;textAlign&quot;:&quot;left&quot;,&quot;content&quot;:&quot;... wir helfen eigene Lebenswege zu gehen und entdecken&quot;,&quot;color&quot;:&quot;#ff6900&quot;,&quot;padding&quot;:{&quot;vertical&quot;:&quot;10px&quot;,&quot;horizontal&quot;:&quot;10px&quot;},&quot;align&quot;:&quot;&quot;,&quot;animateIn&quot;:&quot;char&quot;,&quot;inEffect&quot;:&quot;fadeInLeftBig&quot;,&quot;inSequence&quot;:&quot;default&quot;,&quot;outEffect&quot;:&quot;rollOut&quot;,&quot;outSequence&quot;:&quot;shuffle&quot;,&quot;background&quot;:{&quot;color&quot;:&quot;#0000&quot;},&quot;typography&quot;:{&quot;fontSize&quot;:{&quot;desktop&quot;:22,&quot;tablet&quot;:20,&quot;mobile&quot;:18}},&quot;border&quot;:{&quot;radius&quot;:&quot;5px&quot;}}'><\/div>\r\n\r\n\t\t<\/div><\/div>\n\n\n\n<h3 class=\"wp-block-heading\"><br><strong>Das sind wir<\/strong><\/h3>\n\n\n\n<p>Wir sehen uns als Dienstleister, der verschiedene Angebote bereit h\u00e4lt, wie Schule, zweisprachigen Unterricht, Hort, GTS und musische, k\u00fcnstlerische und sportliche Nachmittagsaktivit\u00e4ten.<\/p>\n\n\n\n<p>Wir begleiten \u00fcber 173 Kinder zwischen 6 bis 11 Jahren in verschiedenen p\u00e4dagogischen Lernsituationen. Au\u00dferdem betreuen wir unsere Kinder in zwei Hortgruppen und&nbsp;sechs GTS-Gruppen um Familien zu entlasten.&nbsp;Das Mittagessen wird direkt an unserer Schule frisch zubereitet. Es wird nicht angeliefert, sondern t\u00e4glich vor Ort f\u00fcr die Kinder gekocht.<\/p>\n\n\n\n<p><\/p>\n\n\n\n<h3 class=\"wp-block-heading\"><strong>An der VS Gurnitz stehen wir daf\u00fcr, dass N\u00f6te Chancen&nbsp;sind<\/strong><\/h3>\n\n\n\n<p>Den Kindern machen wir Mut, neue Wege zu entdecken und zu gehen. Diese Arbeit gestalten wir als Team. Mit mehr als 29 Festangestellten helfen wir nicht nur anderen sich zu entwickeln, sondern entwickeln auch uns.<\/p>\n\n\n\n<p><\/p>\n\n\n\n<h3 class=\"wp-block-heading\"><strong>Bei uns steht der Mensch im Fokus<\/strong><\/h3>\n\n\n\n<p>In Fortbildungen, Intervision und p\u00e4dagogischen Konferenzen fordern wir uns pers\u00f6nlich heraus, individuelle Entwicklungsschritte zu gehen und gemeinsam zu wachsen.&nbsp; Mit einem klaren Leitbild, der Festlegung auf die Umsetzung der Existenziellen P\u00e4dagogik und einer kontinuierlichen Qualit\u00e4tsentwicklung bewegen und pr\u00e4gen wir uns und andere gemeinsam.<\/p>\n\n\n\n<p>Wir sind ein zuverl\u00e4ssiger Kooperationspartner f\u00fcr Eltern, die Jugendhilfe, \u00c4rzt:innen und Therapeut:innen, Firmen und weitere Partner. So \u00fcbernehmen wir gemeinsam Verantwortung f\u00fcr die n\u00e4chste Generation und wollen jungen Menschen helfen, den Weg in ein selbstbestimmtes und selbstverantwortetes Leben zu finden.<\/p>\n\n\n\n<p><\/p>\n\n\n\n<h3 class=\"wp-block-heading\"><strong>Unsere P\u00e4dagogik<\/strong><\/h3>\n\n\n\n<p>Die Existenzielle P\u00e4dagogik beschr\u00e4nkt sich nicht auf das Erziehen von Kindern, sondern ist viel mehr eine Lebenshaltung, die vom Erziehenden eingenommen wird und ihn ganz pers\u00f6nlich ver\u00e4ndert.<\/p>\n\n\n\n<p><\/p>\n\n\n\n<h3 class=\"wp-block-heading\"><strong>Wir als P\u00e4dagog:innen<\/strong><\/h3>\n\n\n\n<p>Wir geben Menschen R\u00e4ume zur Entwicklung. Wir m\u00f6chten junge Menschen auf dem Weg begleiten, in ein selbstst\u00e4ndiges und selbstverantwortetes Leben zu finden. Auf dem Weg dorthin investieren wir in sie und in unsere Mitarbeitenden, denn gemeinsam wollen wir uns entwickeln.<\/p>\n","protected":false},"excerpt":{"rendered":"<p>Durchf\u00fchrung der Basismodule der individuellen Kompetenzmessung PLUS (iKM Plus) vom 20.04. bis 20.05.2026 Willkommen an der VS Gurnitz Wo Das<\/p>\n","protected":false},"author":1,"featured_media":0,"parent":0,"menu_order":0,"comment_status":"closed","ping_status":"closed","template":"","meta":{"footnotes":""},"class_list":["post-7","page","type-page","status-publish","hentry"],"_links":{"self":[{"href":"https:\/\/vs-gurnitz.ksn.at\/index.php\/wp-json\/wp\/v2\/pages\/7","targetHints":{"allow":["GET"]}}],"collection":[{"href":"https:\/\/vs-gurnitz.ksn.at\/index.php\/wp-json\/wp\/v2\/pages"}],"about":[{"href":"https:\/\/vs-gurnitz.ksn.at\/index.php\/wp-json\/wp\/v2\/types\/page"}],"author":[{"embeddable":true,"href":"https:\/\/vs-gurnitz.ksn.at\/index.php\/wp-json\/wp\/v2\/users\/1"}],"replies":[{"embeddable":true,"href":"https:\/\/vs-gurnitz.ksn.at\/index.php\/wp-json\/wp\/v2\/comments?post=7"}],"version-history":[{"count":89,"href":"https:\/\/vs-gurnitz.ksn.at\/index.php\/wp-json\/wp\/v2\/pages\/7\/revisions"}],"predecessor-version":[{"id":2436,"href":"https:\/\/vs-gurnitz.ksn.at\/index.php\/wp-json\/wp\/v2\/pages\/7\/revisions\/2436"}],"wp:attachment":[{"href":"https:\/\/vs-gurnitz.ksn.at\/index.php\/wp-json\/wp\/v2\/media?parent=7"}],"curies":[{"name":"wp","href":"https:\/\/api.w.org\/{rel}","templated":true}]}}